e y(5). Is (-2 + c/8)*-2 a prime number?
True
Let v(n) = n**2 + 4*n + 22. Let k be v(-7). Let g = 123 + k. Is g composite?
True
Let k(n) = -35*n - 1. Let s be k(4). Let r = 520 + s. Is r a prime number?
True
Let b be (-19)/(-4) - (-2)/8. Let h = -109 - -105. Is h/10 + 892/b composite?
True
Suppose 2*p + 3907 = 5*j, -3*j + 2101 = -2*p - 244. Is j prime?
False
Let m(b) = 12*b**2 + 13*b - 6. Is m(7) a composite number?
False
Suppose 2*q + 31458 = 4*k, -2*k + 73*q = 68*q - 15709. Is k prime?
True
Is (6 + 164/(-28))*53837 a composite number?
False
Suppose k - 1252 = -5*n - k, 5*k = 5. Suppose 7*i - 199 = -3*b + 2*i, -i = -4*b + n. Let r = b - -70. Is r prime?
False
Suppose -2*x + x - n = -30754, 4*n = 4*x - 123040. Is x prime?
True
Let q = 16227 + -7448. Is q composite?
False
Suppose 0 = 5*h - 6 - 9. Suppose -p + u = -203, h*p + u = -3*u + 623. Is p a prime number?
False
Suppose 21*w = 331920 + 181929. Is w prime?
True
Let x = 41 + 17. Let g = 153 + x. Is g composite?
False
Let q(c) = 937*c - 41. Let z be q(10). Let w = -6268 + z. Is w a prime number?
True
Let j(b) = -b**2 - 14*b - 3. Suppose -8 + 22 = m. Let h be (-6 + m)*10/(-8). Is j(h) prime?
True
Let t(p) = -153*p + 25. Let c(a) = -77*a + 12. Let v(r) = 7*c(r) - 3*t(r). Is v(-10) a prime number?
True
Suppose 4*t - 28 = 4*n, -5*n - 39 = -3*t - 10. Suppose 1911 = t*g - 810. Is g a prime number?
True
Let s(u) = -481*u + 37. Is s(-10) composite?
True
Suppose 12*i + 88 = 23*i. Suppose 2*a = i, -5*x + a = -a - 1067. Is x composite?
True
Suppose -3504 = -3*a - 5*i, -3*a + 12*i = 11*i - 3486. Is a a prime number?
True
Let w be 0 - (4153 + (-4 - -3)). Is w/(-10) - 9/45 a prime number?
False
Let v(s) be the second derivative of -76*s**3/3 + 23*s**2/2 + 4*s. Is v(-10) prime?
True
Let f(q) = -q**2 - 5*q - 4. Let r be f(-5). Let g be -2 + r/(-4)*13. Suppose m = 70 - g. Is m prime?
True
Let s(x) = 13*x - 10. Let r be s(-9). Is r*(-8 + (-3 - -6)) a composite number?
True
Let i = -309 + 603. Let l = i - 209. Is l a prime number?
False
Let y(w) = 74*w**2 + 2*w. Let m be y(-1). Suppose -4*o + 404 = -m. Is o a composite number?
True
Suppose -2*l - 12 = 2*l, -2*y = 2*l - 8. Suppose -1270 = 2*p - y*p. Is p a prime number?
False
Let m = 2547 + 5576. Is m prime?
True
Let b = 1 + 1. Suppose i - s = 434, -b*i + 185 + 671 = 2*s. Is i composite?
False
Let z(m) = -5*m**3 + 2*m**2 + 2*m + 89. Is z(-14) prime?
True
Let f = -51751 - -112842. Is f a prime number?
True
Suppose 10*v = 8*v + x + 9245, 3*x = v - 4630. Is v composite?
False
Let f(g) = 5 - 9 - 3 - 26*g. Is f(-6) a prime number?
True
Let v(j) = j**2 - 20*j + 28. Let x be v(25). Let q = x - 62. Is q a composite number?
True
Let t = -69 + 56. Is (-27196)/t - 6/(-4)*2 prime?
False
Let c(y) = 2*y**2 + 11*y + 9. Let l be c(-5). Suppose 5*o - 2003 = s + 3205, -l*o - 4*s = -4152. Is o a prime number?
False
Let c = 319 - 216. Let i = c + 78. Is i a composite number?
False
Suppose 3*x - 7 = -1. Suppose x*g = -g + 3489. Is g a prime number?
True
Suppose -5*x + k = -x - 58, -5*k = 10. Is 8886/x - (-6)/21 composite?
True
Let q(x) = 690*x**2 + 122*x + 1. Is q(6) composite?
True
Suppose -9129 = -3*p + 2*r, -4*p = 2*r + 3*r - 12149. Is p a composite number?
False
Suppose -1974 = m + 2*m. Let p = m - -1173. Is p composite?
True
Let z(h) = h**2 - 4*h - 3. Let p be z(5). Let d(c) = -10*c - 16 - p*c + 3. Is d(-12) composite?
False
Is (-730945)/(-45) + 26/(-117) a composite number?
True
Suppose 9*t = t + 8376. Let u = -488 + t. Is u a prime number?
False
Let x(p) be the third derivative of -22*p**4/3 + p**2. Let u be x(-4). Suppose 0 = 2*i - u - 6. Is i composite?
True
Let s = 675 + 420. Is 2 + s + 4 + (3 - 7) a composite number?
False
Suppose 3*x + 57 = 72. Is ((-2056)/(-20))/(2/x) a composite number?
False
Let c be (1 + -2)/1 + 887. Suppose 0*p = 4*h + 3*p - 1782, -2*h = 4*p - c. Is h a prime number?
False
Let o be 22/99 - 16/(-9). Suppose -2*w + 11 = 5*x, w - 5*x + 0*x = -o. Is (1944/4)/w - -1 a composite number?
False
Let q(g) = 261*g**3 + 4*g**2 - 2*g - 4. Let v(h) = 130*h**3 + 2*h**2 - h - 2. Let u(c) = 2*q(c) - 5*v(c). Is u(-1) a prime number?
True
Is (-28)/266 - (-45110)/38 composite?
False
Let u(a) be the second derivative of a**4/6 + a**3/2 - a**2/2 - 20*a. Is u(-12) a composite number?
False
Let z be (-7)/((-28)/(-10))*(-36)/10. Suppose b - 15 = -2*b. Suppose b*o + 148 = z*o. Is o composite?
False
Let v be (10/5)/((-1)/4). Let s be ((-20)/20)/(2/v). Suppose 93 = m - 2*w, s*w = -4*m + 265 + 71. Is m prime?
False
Suppose -4*s - v + 29 = 0, s - 5*v - 11 = 12. Let d(p) = -4*p**2 + 10*p + 5. Let q be d(s). Let o = 422 + q. Is o prime?
True
Let r be (-9992)/6*8/(128/24). Is r/((-3 + 5)*-1) composite?
False
Suppose 2292 + 2430 = w. Suppose 8*x = w - 778. Is x prime?
False
Is (13/(-104))/(3/(-16392)) prime?
True
Is 0 - 3/((-24)/64784) a prime number?
False
Let j(i) = -251*i + 7. Let u be j(4). Let z = -548 - u. Let b = z + -304. Is b composite?
True
Suppose 4*s - 4456 = -4*j, 9*s = 5*j + 13*s - 5571. Is j prime?
False
Is (0 - -1)*2*(-1399343)/(-506) a composite number?
False
Let g be -2 + 2 + 2 + 8. Let t be g/(-2)*354/15. Let a = 41 - t. Is a a composite number?
True
Let z(j) = 105*j**2 + j + 1. Let w be (-2)/3 - (-2)/(-6). Let b be z(w). Let p = 10 + b. Is p prime?
False
Suppose -p - 3*p + 20 = 0. Suppose 5*u - 427 = -4*a, 0 = -p*u + 4*a + 327 + 116. Is u a composite number?
True
Let k = -950 - -1792. Let m = k - -1671. Is m a prime number?
False
Suppose 2*c = 997 + 897. Let q = 3126 - c. Is q prime?
True
Let x = -317 - -559. Is (-2)/1 + (x - 29) a prime number?
True
Let t = -7 + 10. Let u(d) = 392*d + 5. Is u(t) a prime number?
True
Suppose -4*n + j + 8 = 0, 3*n + 10 = 5*n + j. Suppose t = 5*b - 411, n*t = b + b - 154. Is b a composite number?
False
Suppose 3*v + 2*o = -8, -4*v - 3*o - 1 = 9. Let u(m) be the second derivative of -14*m**3/3 - m**2/2 - m. Is u(v) composite?
True
Suppose -4*u + t - 2 = u, -10 = -u - 5*t. Suppose 0 = -u*z + 5*z - 4175. Is z a composite number?
True
Suppose -43 - 9 = -k. Suppose 8*j - 10*j + k = 0. Is j a composite number?
True
Let j = 3 + 1. Suppose v + 4*v - 12 = -2*y, -y + 1 = 0. Suppose -727 = -v*a - 3*i, 4*i - 1459 = -j*a - i. Is a a composite number?
True
Let u = 223 + -158. Suppose 4*g = 171 + u. Is g composite?
False
Suppose -12*x + 397851 = 39*x. Is x prime?
False
Is (-2144626)/(-330) + 2/15 a prime number?
False
Let k(a) = a**3 - 2*a**2 + a - 1. Let n be k(2). Suppose 8 = 2*v - 10. Suppose v - n = 2*m. Is m a composite number?
True
Is ((-3602)/(-5))/((-66)/(-165)) a prime number?
True
Is (-4)/(-6)*-3 - -625 prime?
False
Let x(p) = p - 15*p**2 + 0 + 16*p**2 - 1. Is x(-8) a prime number?
False
Suppose 0 = -2*d - d + 18. Suppose 3*q + 393 = d*q. Is q prime?
True
Let i(d) = -2*d + 763. Suppose 4*r - c - 2 = 0, 4 + 4 = -r - 4*c. Is i(r) a prime number?
False
Suppose 51033 + 309662 = 5*t. Is t a composite number?
False
Suppose -4*y - 3*i - 252 = i, -5*y - 4*i - 318 = 0. Let g = y + 189. Is g a composite number?
True
Let b(w) = w**3 - 5*w**2 - 4*w - 8. Suppose -r + c + 4 = 0, 2*c = 6 - 2. Let h be b(r). Suppose -y + h*j = -37, -2*y + 2*j = -22 - 46. Is y prime?
False
Suppose -6*f = -2*f. Suppose 0*n + 2*n - 1152 = f. Suppose 4*c - 140 = n. Is c composite?
False
Let l(m) = 2*m**3 + 76*m**2 + 26*m + 9. Is l(-35) a composite number?
False
Suppose -17*v = -20*v + 3261. Is v composite?
False
Suppose 6 = 2*y, y + 2*y = t - 561. Suppose 2*c - 3*w - t = 91, 5*c - 2*w = 1669. Is c a composite number?
True
Suppose -4*v + 5*v = 9210. Suppose v = 5*g - 5*i, 0 = 2*g - 0*i + 2*i - 3704. Is g a composite number?
False
Is 197519/5 - 36/45 a composite number?
False
Suppose -56*a + 3126 = -50*a. Is a a composite number?
False
Suppose 5*a + 6*o - 3171 = 7*o, 0 = -2*o + 8. Is a a prime number?
False
Is ((-670)/4)/((-47)/94) composite?
True
Let m = -130 + 126. Is m/(-24)*-3*-1906 prime?
True
Let m = -4009 - -11980. Is m a prime number?
False
Let j(a) = -59*a**3 - 6*a**2 - 9*a + 3. Is j(-4) prime?
True
Let c be 938/(-4) + 1/2. Suppose 2*l + 346 = -3*z, -5*l - 188 = z + 651. Let g = l - c. Is g a prime number?
True
Let o(z) = 414*z + 20. Is o(3) a composite number?
True
Let j = 534 - 229. Suppose -4*o + j = -251. Is o a composite number?
False
Let i(f) = -69*f + 31